e units digit of q?
1
Suppose j - 151 = -5*s, 4*s - s - 4*j - 109 = 0. Suppose -s = -5*t - 1. What is the units digit of t?
6
Let g = -93 + 66. Let o = -16 - g. What is the tens digit of o?
1
Let x(u) = -u**2. Let m be x(-1). Let g be 0 + 4/(2*m). What is the units digit of 3/g*10/(-3)?
5
Let k be 2/7 - (-10)/(-35). Suppose 3*f - 1 - 11 = k. Suppose f*z - 10 = 18. What is the units digit of z?
7
Suppose 3*h = 5*n + 275, -9*n + 4*n + 390 = 4*h. What is the units digit of h?
5
Let r(w) = 10*w + 1. Let k be r(-1). Suppose 2*m = 3*g - g, 3*m - 7 = -4*g. What is the units digit of k/(-1) + g + -2?
8
Let t = -8 + 25. What is the units digit of t?
7
Suppose 11*j + 418 = 13*j. What is the units digit of j?
9
Let v(j) = j**2 + j + 2. Let x be v(-2). Suppose 0 = -p - 2*o - 13 + 1, -x*o = 12. What is the units digit of p/21 - (-16)/7?
2
Suppose 2*s - 200 - 16 = 0. What is the units digit of s?
8
Let j(a) = -3*a**2 - a + 2. Let l be j(-2). What is the tens digit of (5 - l)/((-2)/(-4))?
2
Let o(s) be the third derivative of s**6/120 + 11*s**5/60 + s**4/3 - 7*s**3/3 + s**2. What is the units digit of o(-10)?
6
Let b(i) = i**2 - 3*i + 4. What is the units digit of b(-4)?
2
Suppose 0*m - 2*m + 10 = 0. Suppose m*y + 5*l = -5, y = -2*y - 2*l. What is the units digit of y?
2
Let n = 7 + 7. Let l be (-284)/(-14) - 4/n. Suppose 3*v = -5 + l. What is the units digit of v?
5
Let s(j) = -j**2 - 10*j - 12. Let r be s(-8). Let a be (-1 + 2)*20/r. Suppose 0 = 2*t - a*w - 32, 0 = t - 2*w - 20 + 6. What is the units digit of t?
6
Suppose -o - f + 4*f = -51, -3*o - f + 133 = 0. What is the tens digit of o?
4
Let n be 10/(-3) - (-10)/(-15). What is the units digit of 6/n*(-120)/18?
0
Let b be (-19)/(-7) + (-10)/(-35). Suppose -d - 4*a = -2*d + 2, b*a = 2*d + 1. What is the units digit of d*((-10)/4 - -1)?
3
Let t(c) = 2*c**2 - 3*c - 2. Let m be t(-1). Suppose -3*n + m*a + 116 = 29, 0 = -n + 4*a + 41. What is the units digit of n?
5
Suppose -2*o = -v + 47, -2*v - 56 = -3*v + 5*o. What is the units digit of v?
1
Suppose 3 + 7 = 5*s. Let v be 2/3*15/s. Let y(p) = p**2 - 4*p + 4. What is the units digit of y(v)?
9
Let n = -6 - -1. Let d = 13 + n. What is the units digit of d?
8
Let m(k) = 4*k**2 + 4*k + 9. What is the units digit of m(5)?
9
Suppose 0 = 2*t - 17 - 25. What is the units digit of t?
1
Let y(i) = -2*i**2 - 8*i - 6 - 4*i**2 + 5*i**2. What is the units digit of y(-5)?
9
Suppose 2*b + 3*m = 103, 2*b + 4*m + 7 = 109. What is the tens digit of b?
5
Let c be (2 - 7)*(-2)/10. What is the units digit of (c/3)/((-3)/(-9))?
1
Let i(t) = -t - 9. What is the units digit of i(-10)?
1
Suppose -c = -3*n + 251, -n + 169 = n + c. What is the units digit of n?
4
Let s(f) = f**2 - 13*f + 24. What is the units digit of s(11)?
2
What is the units digit of (12/(-15))/(5 - (-10308)/(-2060))?
6
Suppose 0*g = g - 6. Let z(d) = -g*d + d + 1 + 3*d. What is the units digit of z(-3)?
7
Suppose 3 = 2*f + 1. Suppose 0 = -d + c - 4*c + 9, d - c = f. Suppose b - k - d = 0, 0 = 2*b + 3*k - k - 26. What is the units digit of b?
8
Let u(i) = i + 4. Let c be u(-4). Suppose 94 = -c*g + 2*g - 5*s, -5*g = -3*s - 235. What is the tens digit of g?
4
Let k be ((-28)/(-6))/((-2)/(-3)). Suppose 4*t - k = -31. Let q = -2 - t. What is the units digit of q?
4
Suppose -242 = -4*u + 854. What is the hundreds digit of u?
2
Let f = -8 + 13. Suppose -b = -3*m - 0*m + 8, -b = -1. Suppose -23 = -4*u - m*w - 2*w, f*w - 17 = -u. What is the units digit of u?
2
Let o = -43 - -116. What is the tens digit of o?
7
Let k(j) = -j**3 + 26 + 3*j + j**3 - j**3 - 4*j. What is the units digit of k(0)?
6
Let s = 125 - 84. What is the tens digit of s?
4
Suppose -3*i + 7*d - 3*d = -436, 0 = 4*i + 5*d - 602. What is the units digit of i?
8
Let p(t) be the third derivative of -t**6/120 - t**5/12 - t**4/6 + 2*t**3/3 + 5*t**2. What is the units digit of p(-4)?
4
Let m be -5*(0 + -2 + 1). Suppose i = -4*g - g + 7, 0 = 3*i - g - m. Suppose 5*o - 2*v - 23 = 0, 2*o = -i*v - v - 6. What is the units digit of o?
3
Let a be 6/(-3) + (9 - 2). Suppose -4*t - a*l - 12 = -2, 5*t + 10 = -5*l. Suppose 2*n - 14 = -t*n. What is the units digit of n?
7
Let w = 12 + -17. Let m = -3 - w. What is the units digit of ((-2)/2)/(m/(-16))?
8
Let u(t) = t**3 + 20*t**2 - 2*t + 38. What is the tens digit of u(-20)?
7
What is the units digit of ((-4)/5)/((-7)/70)?
8
Let p = 4 - 6. Suppose 0 + 2 = -2*y. What is the units digit of (y/p)/(2/4)?
1
Let k(c) = -4*c - 4. Let u be k(-3). Let p = 25 - u. What is the tens digit of p?
1
What is the tens digit of 0 + 38 + -1 + 1?
3
Suppose 0*o = 3*o. Suppose o = k - 4*a - 17, 5*k - 3*a = 18 + 16. What is the units digit of k?
5
Suppose 8*v = 3*v - 15, -2*l - 9 = v. Let z(h) = -h**2 - 2*h + 3. Let t be z(l). Suppose t = 3*i + i - 8. What is the units digit of i?
2
Suppose -6*p - 341 + 1475 = 0. What is the units digit of p?
9
Let a(c) = -c - 5. Let v be a(-10). Suppose v*y - 169 = -69. What is the units digit of y?
0
Suppose -2*w - 5 = -l, 0*l - 15 = 4*w - 3*l. Suppose w = 3*h - h - 4. What is the units digit of h?
2
Let s be 0 + 1 + 3 + 1. Let c(u) = u**3 - 5*u**2 + 3*u - 6. Let t be c(s). What is the units digit of t + (-1 - -2)*0?
9
Let i(s) = s**2. Let v(c) = c**2 - 2*c + 3. Let a(w) = -w**2 + w - 3. Let l(o) = 5*a(o) + 4*v(o). Let y be l(-2). What is the units digit of i(y)?
1
Let a = 61 + -20. What is the units digit of a?
1
Let p(m) = -m**3 + 11*m**2 + 11*m + 9. Let u be p(12). What is the units digit of (u - 27)*(-8)/20?
2
Let f(v) = -13*v**3 + 3*v**2 + 3*v + 2. Let l be f(-2). Suppose 36 = 4*r - l. What is the tens digit of r?
3
Let j(x) = 5*x + 3. Let h(f) = -4 - 3*f - 4*f - f + 2*f. Let k(t) = 6*h(t) + 7*j(t). What is the units digit of k(-4)?
1
Let z(h) = h**2 + 9*h + 6. Let d(o) = -o**2 - 9*o - 5. Let k(m) = 3*d(m) + 2*z(m). What is the units digit of k(-7)?
1
Let m = -45 - -66. What is the units digit of m?
1
Suppose 0 = -3*t + 4 + 8. Let l = t + -5. Let j(b) = 5*b**2 - b - 1. What is the units digit of j(l)?
5
Suppose -w - x + 0*x = 0, 2*w + 5*x + 12 = 0. What is the units digit of (4/(-6))/(w/(-144))?
4
Let m = 7 + -5. Let z(l) = 8*l - 3. Let g be z(m). Suppose -g = -4*r + 15. What is the units digit of r?
7
Let i(d) be the second derivative of -d**3/3 + d**2 + 3*d. What is the units digit of i(-4)?
0
Let i(p) = p**2 + p - 1. Let t(l) = -7*l**2 - 13*l + 1. Let c(x) = 6*i(x) + t(x). What is the units digit of c(-5)?
5
Suppose 1513 = 7*l - 146. What is the tens digit of l?
3
Suppose -10*k + 13*k - 789 = 0. What is the units digit of k?
3
Let n(j) = -2*j + 1 - 2 + 0. Let a be (-41)/8 - (-6)/48. What is the units digit of n(a)?
9
Suppose -1 = 2*y + 3. Let b(v) = -v**3 - 2*v**2 - 2. Let z be b(y). Let f = 4 + z. What is the units digit of f?
2
Let k = 5 + -3. Suppose -4*g + 4*i = -116, 2*i + 3*i - 93 = -k*g. What is the units digit of g?
4
Let f = 50 + -28. Let j = f + 5. Suppose -4*q + n = -j, -3*n = -3*q + 8 + 10. What is the units digit of q?
7
Let m(i) = i**2 + 2*i + 16. What is the units digit of m(0)?
6
Suppose -20 = -k - 3*k + 4*c, 0 = 3*k - 5*c - 25. Let u = 7 + -5. Suppose -u*p = -y - 4 - k, -2*p = y. What is the units digit of p?
1
Suppose 0 = -26*w + 12*w + 1918. What is the units digit of w?
7
Suppose -3*p - 42 + 111 = 0. What is the units digit of p?
3
Let o(i) = 3*i - 4. Let d = -3 + 6. Let y be o(d). Suppose 5*l = 20 + y. What is the units digit of l?
5
Let i(q) = -q - 7. Let z be i(-6). Let y be ((-10)/4 - z)*-2. Suppose -6*h + h + y*r = -9, -h - 5*r = -13. What is the units digit of h?
3
Suppose 3*o = g + 10 - 54, -2*g + o = -83. Suppose -g = -3*l + 34. Suppose 2*j + 3*j = l. What is the units digit of j?
5
What is the units digit of 78/6*(2 - 0)?
6
Let u(z) = 10*z + 3. Let a be u(-4). Let b = -18 - a. What is the tens digit of b?
1
Suppose 0 = 4*c - 4*f - 44, 3*c - 3*f = -2*f + 35. Suppose 2*b + c = 6*b. What is the units digit of b?
3
Let c(k) = -k**3 + 4*k**2 - k - 3. Let x be c(3). Suppose -3*g - x*i = 2*g - 15, g - 3 = i. Let o = 4 + g. What is the units digit of o?
7
Suppose -168 = 2*f - 6*f. What is the tens digit of f?
4
Suppose -87 = -3*u + y - 8, 3*y = 2*u - 48. What is the units digit of u?
7
What is the units digit of (-68)/(3*2*(-4)/48)?
6
Let r(x) = 5*x + 1. Suppose -3*m + 4 = -5. W